456/(-2))/(-4) - 4.
53
List the prime factors of ((-10)/(-3))/((-20)/(-540)).
2, 3, 5
Suppose -3*v - 40 = -5*h + v, -4*v + 8 = -h. Suppose -d = -4*d + h. What are the prime factors of d?
2
Let b(x) = 193*x**3 + 2*x**2 + x. Let t be b(-1). List the prime factors of ((-3)/(-4))/((-8)/t).
2, 3
Let d(c) = c - 5. Suppose -9 = -n + 1. Let u be d(n). Suppose 4*z + 3*i - 48 = 0, 60 = 5*z + 3*i - u*i. List the prime factors of z.
2, 3
Let b(a) = -a**2 - 5*a. Let f be b(-3). Suppose c = f*c - 35. What are the prime factors of c?
7
Suppose 0 = -4*j + 279 + 289. List the prime factors of j.
2, 71
Let a = 23 + -15. Let w = -6 + a. Suppose 25 = 7*x - w*x. What are the prime factors of x?
5
Let i(c) = 3*c**2 + c - 3. What are the prime factors of i(3)?
3
Suppose -6*b + b + 164 = 2*w, -4*b - 300 = -4*w. What are the prime factors of w?
7, 11
Let v be (3 + -44)*(-3 - -2). Let p(w) = 6*w - 5. Let i be p(-4). Let h = i + v. What are the prime factors of h?
2, 3
Suppose -3*n - n + 240 = 0. List the prime factors of n.
2, 3, 5
Suppose d - 107 = 4*q, 3*d + q - 150 = 106. List the prime factors of d.
3, 29
Suppose 0 = -0*u - 2*u. Suppose -4*w - 4*v + 100 = u, -w + 3*v - 129 = -6*w. What are the prime factors of w?
3
Suppose 6*d - 377 = 121. What are the prime factors of d?
83
Let j(d) = -4*d - d**2 + 6*d + 3*d + 6. Let p be j(6). Let b = 9 + p. List the prime factors of b.
3
Suppose 16*h - 153 = 13*h. What are the prime factors of h?
3, 17
Suppose 2*l = l + 10. What are the prime factors of 1 + -2 + (l - 3)?
2, 3
Suppose -6*h + 8*h - 4 = 0. Suppose 104 = 2*g - 4*y, y = 3*g + h*y - 135. What are the prime factors of g?
2, 23
Suppose j + 952 = 9*j. What are the prime factors of j?
7, 17
Let q(r) be the second derivative of -2*r - 1/2*r**3 + 0 - 3/2*r**2. What are the prime factors of q(-2)?
3
Suppose -d + 2*d - 5*c + 9 = 0, 5*c = 25. List the prime factors of d.
2
Suppose -u + 49 = -60. What are the prime factors of u?
109
Let q(m) = 2*m - 4. Let r = -14 - -18. What are the prime factors of q(r)?
2
Let h be (7 - 9)/((-1)/8). Suppose -f = -3*o + 11, o = -3*f - 1 - 12. List the prime factors of h - 2/2 - o.
13
Let p(d) = -3 - 2*d**2 - 5 + 0*d + d**2 - 9*d. Let k = -17 + 11. List the prime factors of p(k).
2, 5
Suppose -12*t + 8*t + 264 = 0. What are the prime factors of t?
2, 3, 11
Suppose 3*p = -9 + 123. What are the prime factors of p?
2, 19
Suppose -2*d + 2624 = 14*d. What are the prime factors of d?
2, 41
Let d = 480 - 210. What are the prime factors of d?
2, 3, 5
Suppose 3*i - 125 - 10 = 0. What are the prime factors of i?
3, 5
Suppose 4*n + 23 = -21. Let l = n - -15. Suppose 0 = l*z - 0*z - 16. What are the prime factors of z?
2
What are the prime factors of 113/3 - 10/15?
37
What are the prime factors of 25 + -2 + (3 - -2)?
2, 7
Let w(t) = t**2 - 3*t - 21. List the prime factors of w(-10).
109
Let n(x) = -x**2 + 9*x. Suppose -2*b = -0*b - 2, 5*w + b = 46. Let h be n(w). Suppose -55 = -5*u - 5*t, h*t = 2*u + 4*t - 22. What are the prime factors of u?
11
Let k be 2*(1 + -2) - -1. Let y = 1 - k. List the prime factors of y.
2
Let l be 4 + ((-8)/4 - -12). List the prime factors of 4/l - 234/(-14).
17
Suppose -4*j = -s + 16, 4*s = 2*j + 3*j + 9. Let w be 3/j*-3*5. Let n = w - 6. What are the prime factors of n?
3
Suppose -4*y = -7*y + 294. List the prime factors of y.
2, 7
Let t = 11 - 8. Suppose 2*d + 50 = t*d. What are the prime factors of d?
2, 5
Let j = -23 + 14. Let u = j + 12. Let v = 6 - u. List the prime factors of v.
3
Let j = -94 - -154. List the prime factors of j.
2, 3, 5
Suppose -10*z = -5*z. Suppose 80 = -z*i + 5*i. What are the prime factors of i?
2
Suppose 26 = 2*c - 66. What are the prime factors of c?
2, 23
Suppose -t + 204 = 5*t. List the prime factors of t.
2, 17
Let h = 0 + 3. Suppose -8 = -2*p, -2*p + 30 + h = 5*g. Suppose -w = -4 - g. What are the prime factors of w?
3
Let r(k) = k - 1. Let f(s) = -2*s + 3. Let x(i) = -f(i) - 3*r(i). Let q = 2 + -6. List the prime factors of x(q).
2
Let u = 1175 + -785. Suppose 3*h - f = -232, -5*h + 3*f = 2*f + u. List the prime factors of 2/(-11) - h/11.
7
Suppose -2*k - k = -2*m + 19, m = 4*k + 22. Let d = m - 3. Let f = 13 - d. What are the prime factors of f?
2, 7
Let r(t) = -16*t - 8. List the prime factors of r(-4).
2, 7
Let a be (-18)/2*4/(-3). Suppose 0*z + 2*z = a. Let u = 8 - z. What are the prime factors of u?
2
Suppose 3*y - 4*x = 62, x - 51 = 2*y - 6*y. What are the prime factors of y?
2, 7
Suppose 5*y = 7*y - 312. What are the prime factors of y?
2, 3, 13
Suppose 19*y - 608 = 11*y. List the prime factors of y.
2, 19
Let y be 2/((-1*2)/4). What are the prime factors of 1/((-1 - 1)/y)?
2
Let y(u) = -2*u + 7. Let x be y(5). Let j(t) = -t - 1. Let i be j(-10). Let b = i + x. List the prime factors of b.
2, 3
Suppose q + 6*i = i + 274, 2*q - 3*i - 600 = 0. List the prime factors of q.
2, 3, 7
Suppose -5*f + 378 = f. What are the prime factors of f?
3, 7
Let w(d) = -d - 7. Let r be w(-5). List the prime factors of r/(((-6)/11)/3).
11
Let c(d) = -2*d**2 + 3*d + 7. Let f be c(3). Let s(a) = -a**2 - 6*a - 4. Let k be s(-5). What are the prime factors of f*(k + 2)*-1?
2, 3
What are the prime factors of 26/3*4*(-54)/(-16)?
3, 13
Let u = 5 + 3. List the prime factors of u.
2
Let s = -8 - 8. Let q = s + 44. Suppose 0*y = 4*y - q. What are the prime factors of y?
7
Let w(n) = -n**2 + 5*n - 6. Let y be w(5). Let j be 1 - (3 + 2 + y). What are the prime factors of (j - 3)/((-2)/34)?
17
Suppose 65 = 5*i + 4*s, s = -i + 15 - 3. List the prime factors of i.
17
Let n be 12/4*1*-1. Let h = n - -14. Suppose h = 3*f - 2*f. List the prime factors of f.
11
Let t(b) = -24*b**3 + 2*b**2 - 1. What are the prime factors of t(-1)?
5
Suppose 4*p - 2*t - 46 = 0, 4*t + 20 = 4*p - 2*p. What are the prime factors of p?
2, 3
Suppose 8 = -4*q - 4*o, -2*o + 8 = q - 3*o. Let n(f) = q*f**2 + 3*f**2 - 3 + 2. List the prime factors of n(-1).
5
Suppose 0 = -2*b + 30 + 80. What are the prime factors of b?
5, 11
Let t(c) = 5*c + c**3 - 4*c**2 - 2*c**3 + 2 - c**2 - 3. Let b be t(-6). Let m = b + 9. List the prime factors of m.
2, 7
Let w(a) = -a**2 + 6*a. Let g(h) = -h**2 + 7*h. Let f(d) = 6*g(d) - 7*w(d). List the prime factors of f(-3).
3
Let y(n) = n**2 - 12*n + 10. Let b be y(11). What are the prime factors of (4/b - -1) + 24?
3, 7
Let b(j) = -8*j**2 - 2*j + 3 + 3*j - 1 + j**3. What are the prime factors of b(8)?
2, 5
Let z be (-18)/(-4)*6/9. Suppose 1 = t - d, -7*d + 11 = z*t - 2*d. What are the prime factors of t?
2
Suppose 4*o + 3*s - 4 = 0, -3*o - 2*o + 24 = -s. Let a be o/(-16) - 1/(-4). List the prime factors of 2 + -2 + a + 3.
3
Let q(k) = k**2 - 6*k + 7. List the prime factors of q(9).
2, 17
Suppose 5*g = -0*g + 10, -2*v - 2*g + 18 = 0. Let b = v - 4. Suppose 26 = 4*p - 2*z, -z + 18 = 3*p - b*z. What are the prime factors of p?
2
Suppose 0 = n + 4*c + 19, 0 = n + 3*c + 12 + 2. Suppose b = -4*o - 11, -5*o = 5*b - n - 19. List the prime factors of b.
3
Let x(y) = y**3 + 8*y**2 - 11*y + 5. List the prime factors of x(-9).
23
Let a(x) = -x**3 + 4*x**2 + 3*x - 2. Let b be a(5). Let q be b + -1*(0 - -1). Let l = 25 + q. List the prime factors of l.
2, 3
Let r be ((0 - 2) + 9)*-1. Let s = r - -16. What are the prime factors of s?
3
Let z = 6 + -12. Let v = 7 + 8. Let d = z + v. List the prime factors of d.
3
Let b(y) = -y**3 - 12*y**2 + 14*y + 9. Let o be b(-13). What are the prime factors of (o - -8)/(4/30)?
2, 3, 5
Let i = -235 - -476. List the prime factors of i.
241
Suppose -4*q = t + 10, 2*t + 12 = 2*q + 2. Let i(d) = d + 6. Let c be i(t). Suppose -h = 3*x + 2 - 22, -x - 5*h + 2 = c. List the prime factors of x.
7
Suppose 5 = 4*d + 3*u, 3*u = -15 - 0. Suppose -1 = 4*j + d*c + 4, -3*j - 2*c + 5 = 0. List the prime factors of j.
5
Suppose 3*z = -5*t - 18, 5*t + 17 = 3*z - 5*z. Let g(b) = b**2 + b + 1. List the prime factors of g(t).
7
Suppose 2*f - 43 = 53. What are the prime factors of f?
2, 3
What are the prime factors of 1*20 - 12/(-6)?
2, 11
Let w = 71 - 23. Let o = w - 24. Suppose -3*a = -a - o. List the prime factors of a.
2, 3
Let u(o) = 53*o - 8. Let n be u(4). Suppose k - n = -3*k. List the prime factors of k.
3, 17
Suppose 4 = -2*k - k - 2*z, 5*z - 4 = -4*k. Let f(d) = d + 6. Let j be f(k). Suppose -g - j*g = -45. What 